{"id":975,"date":"2024-01-23T10:51:25","date_gmt":"2024-01-23T10:51:25","guid":{"rendered":"https:\/\/shop.haarstar-sabrina-peter.de\/?post_type=product&#038;p=975"},"modified":"2024-02-16T05:32:14","modified_gmt":"2024-02-16T05:32:14","slug":"clip-me-on-tapeboard","status":"publish","type":"product","link":"https:\/\/shop.haarstar-sabrina-peter.de\/?product=clip-me-on-tapeboard","title":{"rendered":"Clip me On (Tapeboard)"},"content":{"rendered":"<p>Jetzt ist Schluss mit dem Durcheinander deiner Extensions. Mit unserem Clip me on hat jede einzelne Str\u00e4hne ihren Platz, dies erm\u00f6glicht es Ihnen beim Herausnehmen und wieder Hochsetzen der Extensions genau die gleiche Position am Kopf wiederzufinden. Da die Extensions nach dem Zuschneiden alle anderen L\u00e4ngen haben, m\u00fcssen die Str\u00e4hnen wieder an der gleichen Position eingesetzt werden. Ansonsten werden Sie kein ordentliches Ergebnis haben.<\/p>\n","protected":false},"excerpt":{"rendered":"<p>Jetzt ist Schluss mit dem Durcheinander deiner Extensions, mit unserem Clip me on.<\/p>\n","protected":false},"featured_media":1026,"comment_status":"closed","ping_status":"closed","template":"","meta":[],"product_cat":[103],"product_tag":[],"class_list":{"0":"post-975","1":"product","2":"type-product","3":"status-publish","4":"has-post-thumbnail","6":"product_cat-zubehoer","8":"first","9":"instock","10":"taxable","11":"shipping-taxable","12":"purchasable","13":"product-type-simple"},"_links":{"self":[{"href":"https:\/\/shop.haarstar-sabrina-peter.de\/index.php?rest_route=\/wp\/v3\/product\/975","targetHints":{"allow":["GET"]}}],"collection":[{"href":"https:\/\/shop.haarstar-sabrina-peter.de\/index.php?rest_route=\/wp\/v3\/product"}],"about":[{"href":"https:\/\/shop.haarstar-sabrina-peter.de\/index.php?rest_route=\/wp\/v2\/types\/product"}],"replies":[{"embeddable":true,"href":"https:\/\/shop.haarstar-sabrina-peter.de\/index.php?rest_route=%2Fwp%2Fv2%2Fcomments&post=975"}],"wp:featuredmedia":[{"embeddable":true,"href":"https:\/\/shop.haarstar-sabrina-peter.de\/index.php?rest_route=\/wp\/v2\/media\/1026"}],"wp:attachment":[{"href":"https:\/\/shop.haarstar-sabrina-peter.de\/index.php?rest_route=%2Fwp%2Fv2%2Fmedia&parent=975"}],"wp:term":[{"taxonomy":"product_cat","embeddable":true,"href":"https:\/\/shop.haarstar-sabrina-peter.de\/index.php?rest_route=%2Fwp%2Fv2%2Fproduct_cat&post=975"},{"taxonomy":"product_tag","embeddable":true,"href":"https:\/\/shop.haarstar-sabrina-peter.de\/index.php?rest_route=%2Fwp%2Fv2%2Fproduct_tag&post=975"}],"curies":[{"name":"wp","href":"https:\/\/api.w.org\/{rel}","templated":true}]}}