{"id":964,"date":"2024-01-23T07:22:42","date_gmt":"2024-01-23T07:22:42","guid":{"rendered":"https:\/\/shop.haarstar-sabrina-peter.de\/?post_type=product&#038;p=964"},"modified":"2024-02-16T05:24:50","modified_gmt":"2024-02-16T05:24:50","slug":"foenbuerste","status":"publish","type":"product","link":"https:\/\/shop.haarstar-sabrina-peter.de\/?product=foenbuerste","title":{"rendered":"F\u00f6nb\u00fcrste"},"content":{"rendered":"<p>F\u00fcr einen Blow-Out-Look wie bei deinem Friseur. Die Rundb\u00fcrste trocknet und stylt dein Haar in einem Vorgang. F\u00fcr Volumen und Schwung in den Spitzen. Mit der Hairlicious F\u00f6nb\u00fcrste hast du F\u00f6hn, B\u00fcrste und Styler in einem Ger\u00e4t.<\/p>\n<p>Farbe: Pink<br \/>\nStufen einstellbar: high, middle, low<br \/>\nAnti Frizz<br \/>\nNylon B\u00fcrste<\/p>\n","protected":false},"excerpt":{"rendered":"<p>F\u00fcr einen Blow-Out-Look wie bei deinem Friseur. Die Rundb\u00fcrste trocknet und stylt dein Haar in einem Vorgang. F\u00fcr Volumen und Schwung in den Spitzen. Mit der Hairlicious F\u00f6nb\u00fcrste hast du F\u00f6hn, B\u00fcrste und Styler in einem Ger\u00e4t.<\/p>\n","protected":false},"featured_media":1021,"comment_status":"closed","ping_status":"closed","template":"","meta":[],"product_cat":[103],"product_tag":[177],"class_list":{"0":"post-964","1":"product","2":"type-product","3":"status-publish","4":"has-post-thumbnail","6":"product_cat-zubehoer","7":"product_tag-foen","9":"first","10":"instock","11":"taxable","12":"shipping-taxable","13":"purchasable","14":"product-type-simple"},"_links":{"self":[{"href":"https:\/\/shop.haarstar-sabrina-peter.de\/index.php?rest_route=\/wp\/v3\/product\/964","targetHints":{"allow":["GET"]}}],"collection":[{"href":"https:\/\/shop.haarstar-sabrina-peter.de\/index.php?rest_route=\/wp\/v3\/product"}],"about":[{"href":"https:\/\/shop.haarstar-sabrina-peter.de\/index.php?rest_route=\/wp\/v2\/types\/product"}],"replies":[{"embeddable":true,"href":"https:\/\/shop.haarstar-sabrina-peter.de\/index.php?rest_route=%2Fwp%2Fv2%2Fcomments&post=964"}],"wp:featuredmedia":[{"embeddable":true,"href":"https:\/\/shop.haarstar-sabrina-peter.de\/index.php?rest_route=\/wp\/v2\/media\/1021"}],"wp:attachment":[{"href":"https:\/\/shop.haarstar-sabrina-peter.de\/index.php?rest_route=%2Fwp%2Fv2%2Fmedia&parent=964"}],"wp:term":[{"taxonomy":"product_cat","embeddable":true,"href":"https:\/\/shop.haarstar-sabrina-peter.de\/index.php?rest_route=%2Fwp%2Fv2%2Fproduct_cat&post=964"},{"taxonomy":"product_tag","embeddable":true,"href":"https:\/\/shop.haarstar-sabrina-peter.de\/index.php?rest_route=%2Fwp%2Fv2%2Fproduct_tag&post=964"}],"curies":[{"name":"wp","href":"https:\/\/api.w.org\/{rel}","templated":true}]}}